{"id":5,"date":"2016-05-26T10:09:25","date_gmt":"2016-05-26T08:09:25","guid":{"rendered":"http:\/\/adomtraitdunion.fr\/?page_id=5"},"modified":"2023-01-16T15:02:36","modified_gmt":"2023-01-16T14:02:36","slug":"adom-trait-dunion","status":"publish","type":"page","link":"https:\/\/www.adomtraitdunion.fr\/","title":{"rendered":"Adom Trait D\u2019Union"},"content":{"rendered":"<h2 class=\"acc\">Services d&rsquo;aide \u00e0 domicile<\/h2>\n<p>Adom Trait D\u2019Union est une association loi 1901 \u00e0 but non lucratif, g\u00e9r\u00e9e et administr\u00e9e par un Conseil d\u2019Administration compos\u00e9 de membres b\u00e9n\u00e9voles.<\/p>\n<p>Reconnue Organisme d\u2019Int\u00e9r\u00eat G\u00e9n\u00e9ral, autoris\u00e9e par le Conseil D\u00e9partemental et l\u2019Agence R\u00e9gionale Sant\u00e9, notre association est sp\u00e9cialis\u00e9e dans l\u2019accompagnement, l\u2019aide et le soin \u00e0 domicile des personnes \u00e2g\u00e9es, d\u00e9pendantes ou en situation de handicap.<\/p>\n<p><img decoding=\"async\" class=\"aligncenter size-full wp-image-6\" src=\"https:\/\/www.adomtraitdunion.fr\/wp-content\/uploads\/2016\/05\/ullust-accueil.jpg\" alt=\"\" width=\"100%\" srcset=\"https:\/\/www.adomtraitdunion.fr\/wp-content\/uploads\/2016\/05\/ullust-accueil.jpg 700w, https:\/\/www.adomtraitdunion.fr\/wp-content\/uploads\/2016\/05\/ullust-accueil-300x131.jpg 300w\" sizes=\"(max-width: 700px) 100vw, 700px\" \/><\/p>\n<p>Notre mission principale est de proposer un service de qualit\u00e9 en vue de faciliter et favoriser le maintien \u00e0 domicile. A cette mission s\u2019ajoutent toute aide \u00e0 la vie quotidienne aupr\u00e8s de particuliers, le portage de repas et la garde d\u2019enfants.<\/p>\n<h2 style=\"text-align: left;\">Notre territoire<\/h2>\n<p><a href=\"https:\/\/www.adomtraitdunion.fr\/wp-content\/uploads\/2017\/09\/carte.jpg\"><img decoding=\"async\" class=\"wp-image-98 alignnone\" src=\"https:\/\/www.adomtraitdunion.fr\/wp-content\/uploads\/2017\/09\/carte.jpg\" alt=\"Carte g\u00e9ographique du secteur intervention de l'association Adom Trait d'Union\" width=\"100%\" \/><\/a><br \/>\nNous intervenons sur les cantons d\u2019Aignan, Marciac et Plaisance ainsi que sur les communes limitrophes \u00e0 ces cantons.<\/p>\n<h2>Public<\/h2>\n<ul>\n<li>Personnes de plus de 60 ans<\/li>\n<li>Personnes en situation de handicap<\/li>\n<li>Tout public souhaitant une aide \u00e0 son domicile<\/li>\n<\/ul>\n<h2>Nos valeurs<\/h2>\n<p class=\"mailsiso\">Qualit\u00e9 &#8211; Bientraitance &#8211; Professionnalisme &#8211;<br \/>\nContinuit\u00e9 du service<\/p>\n<p>Plus de 25 ans d\u2019exp\u00e9rience dans l\u2019accompagnement \u00e0 domicile :<\/p>\n<ul>\n<li>un accompagnement personnalis\u00e9 et coordonn\u00e9 entre nos services dans le respect de vos droits<\/li>\n<li>des intervenants form\u00e9s, comp\u00e9tents et exp\u00e9riment\u00e9s<\/li>\n<li>un encadrement de proximit\u00e9<\/li>\n<li>une intervention \u00e0 domicile 7 jours sur 7<\/li>\n<\/ul>\n","protected":false},"excerpt":{"rendered":"<p>Services d&rsquo;aide \u00e0 domicile Adom Trait D\u2019Union est une association loi 1901 \u00e0 but non lucratif, g\u00e9r\u00e9e et administr\u00e9e par un Conseil d\u2019Administration compos\u00e9 de membres b\u00e9n\u00e9voles. Reconnue Organisme d\u2019Int\u00e9r\u00eat G\u00e9n\u00e9ral, autoris\u00e9e par le Conseil D\u00e9partemental et l\u2019Agence R\u00e9gionale Sant\u00e9, notre association est sp\u00e9cialis\u00e9e dans l\u2019accompagnement, l\u2019aide et le soin \u00e0 domicile des personnes \u00e2g\u00e9es, [&hellip;]<\/p>\n","protected":false},"author":1,"featured_media":0,"parent":0,"menu_order":0,"comment_status":"closed","ping_status":"closed","template":"accueil.php","meta":{"_monsterinsights_skip_tracking":false,"_monsterinsights_sitenote_active":false,"_monsterinsights_sitenote_note":"","_monsterinsights_sitenote_category":0},"yoast_head":"<!-- This site is optimized with the Yoast SEO plugin v21.1 - https:\/\/yoast.com\/wordpress\/plugins\/seo\/ -->\n<title>Adom Trait D\u2019Union - Services d&#039;aide \u00e0 domicile \u00e0 Plaisance<\/title>\n<meta name=\"description\" content=\"Adom Trait D\u2019Union , association sp\u00e9cialis\u00e9e dans l\u2019accompagnement, l\u2019aide, le soin \u00e0 domicile des personnes \u00e2g\u00e9es, d\u00e9pendantes ou en situation de handicap.\" \/>\n<meta name=\"robots\" content=\"index, follow, max-snippet:-1, max-image-preview:large, max-video-preview:-1\" \/>\n<link rel=\"canonical\" href=\"https:\/\/www.adomtraitdunion.fr\/\" \/>\n<meta property=\"og:locale\" content=\"fr_FR\" \/>\n<meta property=\"og:type\" content=\"article\" \/>\n<meta property=\"og:title\" content=\"Adom Trait D\u2019Union - Services d&#039;aide \u00e0 domicile \u00e0 Plaisance\" \/>\n<meta property=\"og:description\" content=\"Adom Trait D\u2019Union , association sp\u00e9cialis\u00e9e dans l\u2019accompagnement, l\u2019aide, le soin \u00e0 domicile des personnes \u00e2g\u00e9es, d\u00e9pendantes ou en situation de handicap.\" \/>\n<meta property=\"og:url\" content=\"https:\/\/www.adomtraitdunion.fr\/\" \/>\n<meta property=\"og:site_name\" content=\"Adom Trait d&#039;Union - Services d&#039;aide \u00e0 domicile \u00e0 Plaisance\" \/>\n<meta property=\"article:modified_time\" content=\"2023-01-16T14:02:36+00:00\" \/>\n<meta property=\"og:image\" content=\"https:\/\/www.adomtraitdunion.fr\/wp-content\/uploads\/2016\/05\/ullust-accueil.jpg\" \/>\n<meta name=\"twitter:card\" content=\"summary_large_image\" \/>\n<meta name=\"twitter:label1\" content=\"Dur\u00e9e de lecture estim\u00e9e\" \/>\n\t<meta name=\"twitter:data1\" content=\"2 minutes\" \/>\n<script type=\"application\/ld+json\" class=\"yoast-schema-graph\">{\"@context\":\"https:\/\/schema.org\",\"@graph\":[{\"@type\":\"WebPage\",\"@id\":\"https:\/\/www.adomtraitdunion.fr\/\",\"url\":\"https:\/\/www.adomtraitdunion.fr\/\",\"name\":\"Adom Trait D\u2019Union - Services d'aide \u00e0 domicile \u00e0 Plaisance\",\"isPartOf\":{\"@id\":\"https:\/\/www.adomtraitdunion.fr\/#website\"},\"datePublished\":\"2016-05-26T08:09:25+00:00\",\"dateModified\":\"2023-01-16T14:02:36+00:00\",\"description\":\"Adom Trait D\u2019Union , association sp\u00e9cialis\u00e9e dans l\u2019accompagnement, l\u2019aide, le soin \u00e0 domicile des personnes \u00e2g\u00e9es, d\u00e9pendantes ou en situation de handicap.\",\"breadcrumb\":{\"@id\":\"https:\/\/www.adomtraitdunion.fr\/#breadcrumb\"},\"inLanguage\":\"fr-FR\",\"potentialAction\":[{\"@type\":\"ReadAction\",\"target\":[\"https:\/\/www.adomtraitdunion.fr\/\"]}]},{\"@type\":\"BreadcrumbList\",\"@id\":\"https:\/\/www.adomtraitdunion.fr\/#breadcrumb\",\"itemListElement\":[{\"@type\":\"ListItem\",\"position\":1,\"name\":\"Accueil\",\"item\":\"https:\/\/www.adomtraitdunion.fr\/\"},{\"@type\":\"ListItem\",\"position\":2,\"name\":\"Adom Trait D\u2019Union\"}]},{\"@type\":\"WebSite\",\"@id\":\"https:\/\/www.adomtraitdunion.fr\/#website\",\"url\":\"https:\/\/www.adomtraitdunion.fr\/\",\"name\":\"Adom Trait d&#039;Union - Services d&#039;aide \u00e0 domicile \u00e0 Plaisance\",\"description\":\"\",\"potentialAction\":[{\"@type\":\"SearchAction\",\"target\":{\"@type\":\"EntryPoint\",\"urlTemplate\":\"https:\/\/www.adomtraitdunion.fr\/?s={search_term_string}\"},\"query-input\":\"required name=search_term_string\"}],\"inLanguage\":\"fr-FR\"}]}<\/script>\n<!-- \/ Yoast SEO plugin. -->","yoast_head_json":{"title":"Adom Trait D\u2019Union - Services d'aide \u00e0 domicile \u00e0 Plaisance","description":"Adom Trait D\u2019Union , association sp\u00e9cialis\u00e9e dans l\u2019accompagnement, l\u2019aide, le soin \u00e0 domicile des personnes \u00e2g\u00e9es, d\u00e9pendantes ou en situation de handicap.","robots":{"index":"index","follow":"follow","max-snippet":"max-snippet:-1","max-image-preview":"max-image-preview:large","max-video-preview":"max-video-preview:-1"},"canonical":"https:\/\/www.adomtraitdunion.fr\/","og_locale":"fr_FR","og_type":"article","og_title":"Adom Trait D\u2019Union - Services d'aide \u00e0 domicile \u00e0 Plaisance","og_description":"Adom Trait D\u2019Union , association sp\u00e9cialis\u00e9e dans l\u2019accompagnement, l\u2019aide, le soin \u00e0 domicile des personnes \u00e2g\u00e9es, d\u00e9pendantes ou en situation de handicap.","og_url":"https:\/\/www.adomtraitdunion.fr\/","og_site_name":"Adom Trait d&#039;Union - Services d&#039;aide \u00e0 domicile \u00e0 Plaisance","article_modified_time":"2023-01-16T14:02:36+00:00","og_image":[{"url":"https:\/\/www.adomtraitdunion.fr\/wp-content\/uploads\/2016\/05\/ullust-accueil.jpg"}],"twitter_card":"summary_large_image","twitter_misc":{"Dur\u00e9e de lecture estim\u00e9e":"2 minutes"},"schema":{"@context":"https:\/\/schema.org","@graph":[{"@type":"WebPage","@id":"https:\/\/www.adomtraitdunion.fr\/","url":"https:\/\/www.adomtraitdunion.fr\/","name":"Adom Trait D\u2019Union - Services d'aide \u00e0 domicile \u00e0 Plaisance","isPartOf":{"@id":"https:\/\/www.adomtraitdunion.fr\/#website"},"datePublished":"2016-05-26T08:09:25+00:00","dateModified":"2023-01-16T14:02:36+00:00","description":"Adom Trait D\u2019Union , association sp\u00e9cialis\u00e9e dans l\u2019accompagnement, l\u2019aide, le soin \u00e0 domicile des personnes \u00e2g\u00e9es, d\u00e9pendantes ou en situation de handicap.","breadcrumb":{"@id":"https:\/\/www.adomtraitdunion.fr\/#breadcrumb"},"inLanguage":"fr-FR","potentialAction":[{"@type":"ReadAction","target":["https:\/\/www.adomtraitdunion.fr\/"]}]},{"@type":"BreadcrumbList","@id":"https:\/\/www.adomtraitdunion.fr\/#breadcrumb","itemListElement":[{"@type":"ListItem","position":1,"name":"Accueil","item":"https:\/\/www.adomtraitdunion.fr\/"},{"@type":"ListItem","position":2,"name":"Adom Trait D\u2019Union"}]},{"@type":"WebSite","@id":"https:\/\/www.adomtraitdunion.fr\/#website","url":"https:\/\/www.adomtraitdunion.fr\/","name":"Adom Trait d&#039;Union - Services d&#039;aide \u00e0 domicile \u00e0 Plaisance","description":"","potentialAction":[{"@type":"SearchAction","target":{"@type":"EntryPoint","urlTemplate":"https:\/\/www.adomtraitdunion.fr\/?s={search_term_string}"},"query-input":"required name=search_term_string"}],"inLanguage":"fr-FR"}]}},"_links":{"self":[{"href":"https:\/\/www.adomtraitdunion.fr\/index.php\/wp-json\/wp\/v2\/pages\/5"}],"collection":[{"href":"https:\/\/www.adomtraitdunion.fr\/index.php\/wp-json\/wp\/v2\/pages"}],"about":[{"href":"https:\/\/www.adomtraitdunion.fr\/index.php\/wp-json\/wp\/v2\/types\/page"}],"author":[{"embeddable":true,"href":"https:\/\/www.adomtraitdunion.fr\/index.php\/wp-json\/wp\/v2\/users\/1"}],"replies":[{"embeddable":true,"href":"https:\/\/www.adomtraitdunion.fr\/index.php\/wp-json\/wp\/v2\/comments?post=5"}],"version-history":[{"count":11,"href":"https:\/\/www.adomtraitdunion.fr\/index.php\/wp-json\/wp\/v2\/pages\/5\/revisions"}],"predecessor-version":[{"id":220,"href":"https:\/\/www.adomtraitdunion.fr\/index.php\/wp-json\/wp\/v2\/pages\/5\/revisions\/220"}],"wp:attachment":[{"href":"https:\/\/www.adomtraitdunion.fr\/index.php\/wp-json\/wp\/v2\/media?parent=5"}],"curies":[{"name":"wp","href":"https:\/\/api.w.org\/{rel}","templated":true}]}}

<h2 class="acc">Services d&rsquo;aide à domicile</h2>
<p>Adom Trait D’Union est une association loi 1901 à but non lucratif, gérée et administrée par un Conseil d’Administration composé de membres bénévoles.</p>
<p>Reconnue Organisme d’Intérêt Général, autorisée par le Conseil Départemental et l’Agence Régionale Santé, notre association est spécialisée dans l’accompagnement, l’aide et le soin à domicile des personnes âgées, dépendantes ou en situation de handicap.</p>
<p><img decoding="async" class="aligncenter size-full wp-image-6" src="https://www.adomtraitdunion.fr/wp-content/uploads/2016/05/ullust-accueil.jpg" alt="" width="100%" srcset="https://www.adomtraitdunion.fr/wp-content/uploads/2016/05/ullust-accueil.jpg 700w, https://www.adomtraitdunion.fr/wp-content/uploads/2016/05/ullust-accueil-300x131.jpg 300w" sizes="(max-width: 700px) 100vw, 700px" /></p>
<p>Notre mission principale est de proposer un service de qualité en vue de faciliter et favoriser le maintien à domicile. A cette mission s’ajoutent toute aide à la vie quotidienne auprès de particuliers, le portage de repas et la garde d’enfants.</p>
<h2 style="text-align: left;">Notre territoire</h2>
<p><a href="https://www.adomtraitdunion.fr/wp-content/uploads/2017/09/carte.jpg"><img decoding="async" class="wp-image-98 alignnone" src="https://www.adomtraitdunion.fr/wp-content/uploads/2017/09/carte.jpg" alt="Carte géographique du secteur intervention de l'association Adom Trait d'Union" width="100%" /></a><br />
Nous intervenons sur les cantons d’Aignan, Marciac et Plaisance ainsi que sur les communes limitrophes à ces cantons.</p>
<h2>Public</h2>
<ul>
<li>Personnes de plus de 60 ans</li>
<li>Personnes en situation de handicap</li>
<li>Tout public souhaitant une aide à son domicile</li>
</ul>
<h2>Nos valeurs</h2>
<p class="mailsiso">Qualité &#8211; Bientraitance &#8211; Professionnalisme &#8211;<br />
Continuité du service</p>
<p>Plus de 25 ans d’expérience dans l’accompagnement à domicile :</p>
<ul>
<li>un accompagnement personnalisé et coordonné entre nos services dans le respect de vos droits</li>
<li>des intervenants formés, compétents et expérimentés</li>
<li>un encadrement de proximité</li>
<li>une intervention à domicile 7 jours sur 7</li>
</ul>

<p>Services d&rsquo;aide à domicile Adom Trait D’Union est une association loi 1901 à but non lucratif, gérée et administrée par un Conseil d’Administration composé de membres bénévoles. Reconnue Organisme d’Intérêt Général, autorisée par le Conseil Départemental et l’Agence Régionale Santé, notre association est spécialisée dans l’accompagnement, l’aide et le soin à domicile des personnes âgées, [&hellip;]</p>

<!-- This site is optimized with the Yoast SEO plugin v21.1 - https://yoast.com/wordpress/plugins/seo/ -->
<title>Adom Trait D’Union - Services d&#039;aide à domicile à Plaisance</title>
<meta name="description" content="Adom Trait D’Union , association spécialisée dans l’accompagnement, l’aide, le soin à domicile des personnes âgées, dépendantes ou en situation de handicap." />
<meta name="robots" content="index, follow, max-snippet:-1, max-image-preview:large, max-video-preview:-1" />
<link rel="canonical" href="https://www.adomtraitdunion.fr/" />
<meta property="og:locale" content="fr_FR" />
<meta property="og:type" content="article" />
<meta property="og:title" content="Adom Trait D’Union - Services d&#039;aide à domicile à Plaisance" />
<meta property="og:description" content="Adom Trait D’Union , association spécialisée dans l’accompagnement, l’aide, le soin à domicile des personnes âgées, dépendantes ou en situation de handicap." />
<meta property="og:url" content="https://www.adomtraitdunion.fr/" />
<meta property="og:site_name" content="Adom Trait d&#039;Union - Services d&#039;aide à domicile à Plaisance" />
<meta property="article:modified_time" content="2023-01-16T14:02:36+00:00" />
<meta property="og:image" content="https://www.adomtraitdunion.fr/wp-content/uploads/2016/05/ullust-accueil.jpg" />
<meta name="twitter:card" content="summary_large_image" />
<meta name="twitter:label1" content="Durée de lecture estimée" />
	<meta name="twitter:data1" content="2 minutes" />
<script type="application/ld+json" class="yoast-schema-graph">{"@context":"https://schema.org","@graph":[{"@type":"WebPage","@id":"https://www.adomtraitdunion.fr/","url":"https://www.adomtraitdunion.fr/","name":"Adom Trait D’Union - Services d'aide à domicile à Plaisance","isPartOf":{"@id":"https://www.adomtraitdunion.fr/#website"},"datePublished":"2016-05-26T08:09:25+00:00","dateModified":"2023-01-16T14:02:36+00:00","description":"Adom Trait D’Union , association spécialisée dans l’accompagnement, l’aide, le soin à domicile des personnes âgées, dépendantes ou en situation de handicap.","breadcrumb":{"@id":"https://www.adomtraitdunion.fr/#breadcrumb"},"inLanguage":"fr-FR","potentialAction":[{"@type":"ReadAction","target":["https://www.adomtraitdunion.fr/"]}]},{"@type":"BreadcrumbList","@id":"https://www.adomtraitdunion.fr/#breadcrumb","itemListElement":[{"@type":"ListItem","position":1,"name":"Accueil","item":"https://www.adomtraitdunion.fr/"},{"@type":"ListItem","position":2,"name":"Adom Trait D’Union"}]},{"@type":"WebSite","@id":"https://www.adomtraitdunion.fr/#website","url":"https://www.adomtraitdunion.fr/","name":"Adom Trait d&#039;Union - Services d&#039;aide à domicile à Plaisance","description":"","potentialAction":[{"@type":"SearchAction","target":{"@type":"EntryPoint","urlTemplate":"https://www.adomtraitdunion.fr/?s={search_term_string}"},"query-input":"required name=search_term_string"}],"inLanguage":"fr-FR"}]}</script>
<!-- / Yoast SEO plugin. -->

Adom Trait D’Union - Services d'aide à domicile à Plaisance

Adom Trait D’Union , association spécialisée dans l’accompagnement, l’aide, le soin à domicile des personnes âgées, dépendantes ou en situation de handicap.

Adom Trait d&#039;Union - Services d&#039;aide à domicile à Plaisance
