{"id":19,"date":"2016-05-26T10:35:09","date_gmt":"2016-05-26T08:35:09","guid":{"rendered":"http:\/\/adomtraitdunion.fr\/?page_id=19"},"modified":"2023-01-16T15:09:43","modified_gmt":"2023-01-16T14:09:43","slug":"service-a-la-personne","status":"publish","type":"page","link":"https:\/\/www.adomtraitdunion.fr\/index.php\/service-a-la-personne\/","title":{"rendered":"Service \u00e0 la personne"},"content":{"rendered":"<h2 class=\"bgh2\">M\u00e9nage &#8211; Repassage<\/h2>\n<p class=\"img-bg\"><img decoding=\"async\" class=\"aligncenter size-full wp-image-20\" style=\"max-width: 250px;\" src=\"https:\/\/www.adomtraitdunion.fr\/wp-content\/uploads\/2016\/05\/illustr7.jpg\" alt=\"\" width=\"100%\" \/><\/p>\n<p style=\"text-align: center;\"><strong>Vous n\u2019avez pas le temps de vous occuper de votre domicile ?<\/strong><br \/>\n<strong> Vous souhaitez prendre du temps pour vous ?<\/strong><\/p>\n<p>Sans \u00eatre en situation de d\u00e9pendance, nous avons parfois besoin d\u2019un accompagnement pour effectuer les t\u00e2ches m\u00e9nag\u00e8res quotidiennes : nettoyage des sols, vaisselle, poussi\u00e8re, repassage\u2026<\/p>\n<p>Le Service \u00e0 la Personne d&rsquo;ADOM TRAIT D\u2019UNION intervient \u00e0 votre domicile pour vous simplifier la vie !<\/p>\n<p>Les prestations de m\u00e9nage-repassage r\u00e9pondent aussi \u00e0 tous vos besoins ponctuels d\u2019entretien :<\/p>\n<ul>\n<li>M\u00e9nage de printemps<\/li>\n<li>Nettoyage de vitres (hauteur : escabeau 3 marches maximum)<\/li>\n<li>M\u00e9nage avant\/apr\u00e8s l\u2019arriv\u00e9e d\u2019invit\u00e9s pour les vacances, les f\u00eates ou tout autre \u00e9v\u00e8nement<\/li>\n<li>M\u00e9nage avant un \u00e9tat des lieux ou une vente&#8230;<\/li>\n<\/ul>\n<h2 class=\"bgh2\">Garde d\u2019enfants (de \u2013 ou + de 3 ans)<\/h2>\n<p class=\"img-bg\"><img decoding=\"async\" class=\"aligncenter size-full wp-image-21\" style=\"max-width: 250px;\" src=\"https:\/\/www.adomtraitdunion.fr\/wp-content\/uploads\/2016\/05\/illustr6.jpg\" alt=\"\" width=\"100%\" \/><\/p>\n<p>Confier ses enfants \u00e0 une personne \u00e9trang\u00e8re \u00e0 la famille n&rsquo;est pas toujours une d\u00e9cision facile \u00e0 prendre, il faut que cette personne corresponde \u00e0 vos propres crit\u00e8res et qu&rsquo;elle plaise aux enfants.<\/p>\n<p>Le Service \u00e0 la Personne d\u2019ADOM TRAIT D\u2019UNION vous propose un mode de garde adapt\u00e9e, quel que soit l\u2019\u00e2ge de votre enfant :<\/p>\n<ul>\n<li>surveillance, activit\u00e9s d\u2019\u00e9veil ;<\/li>\n<li>le lever, l\u2019habiller, le faire manger, le coucher, l\u2019occuper\u2026 suivant les besoins ;<\/li>\n<li>l\u2019accompagner dans ses d\u00e9placements (\u00e9coles, cr\u00e8ches, activit\u00e9s extrascolaires\u2026) ;<\/li>\n<li>l\u2019aider dans ses devoirs&#8230;<\/li>\n<\/ul>\n<p>Les t\u00e2ches que vous pouvez nous confier <strong>ne peuvent \u00eatre r\u00e9alis\u00e9es qu\u2019en pr\u00e9sence de l\u2019enfant<\/strong>.<\/p>\n<p>Votre auxiliaire familiale r\u00e9pond \u00e0 des crit\u00e8res de s\u00e9lection stricts bas\u00e9s sur l\u2019exp\u00e9rience et la motivation. Ainsi, pour la garde d\u2019enfants \u00e2g\u00e9s de moins de 3 ans, nos salari\u00e9es sont toutes obligatoirement titulaires d\u2019une qualification qui vous assure de leur professionnalisme.<\/p>\n<p>Pour les transports v\u00e9hicul\u00e9s d\u2019enfants entre l\u2019\u00e9cole (ou la cr\u00e8che par exemple) et le domicile, une indemnit\u00e9 kilom\u00e9trique vous est factur\u00e9e en compl\u00e9ment du tarif horaire.<\/p>\n<h3 class=\"vieuh4coord\">Dur\u00e9e de l\u2019intervention<\/h3>\n<p>Cette prestation est assur\u00e9e du lundi au samedi (\u00e0 l\u2019exclusion des jours f\u00e9ri\u00e9s) entre 7h et 21h.<\/p>\n<p>&nbsp;<\/p>\n<h3 class=\"vieuh4coord\" style=\"text-align: center;\">Les aides financi\u00e8res<\/h3>\n<p class=\"img-bg\">Quelle que soit votre situation et quelle soit la prise en charge financi\u00e8re \u00e0 laquelle vous pensez pouvoir pr\u00e9tendre, n\u2019h\u00e9sitez pas \u00e0 <a href=\"https:\/\/www.adomtraitdunion.fr\/index.php\/contact\" style=\"color:#ab0305\">nous contacter<\/a>, nous vous fournirons toutes les informations utiles et n\u00e9cessaires.<\/p>\n","protected":false},"excerpt":{"rendered":"<p>M\u00e9nage &#8211; Repassage Vous n\u2019avez pas le temps de vous occuper de votre domicile ? Vous souhaitez prendre du temps pour vous ? Sans \u00eatre en situation de d\u00e9pendance, nous avons parfois besoin d\u2019un accompagnement pour effectuer les t\u00e2ches m\u00e9nag\u00e8res quotidiennes : nettoyage des sols, vaisselle, poussi\u00e8re, repassage\u2026 Le Service \u00e0 la Personne d&rsquo;ADOM TRAIT [&hellip;]<\/p>\n","protected":false},"author":1,"featured_media":0,"parent":0,"menu_order":0,"comment_status":"closed","ping_status":"closed","template":"aap.php","meta":{"_monsterinsights_skip_tracking":false,"_monsterinsights_sitenote_active":false,"_monsterinsights_sitenote_note":"","_monsterinsights_sitenote_category":0},"yoast_head":"<!-- This site is optimized with the Yoast SEO plugin v21.1 - https:\/\/yoast.com\/wordpress\/plugins\/seo\/ -->\n<title>Service \u00e0 la personne - Adom Trait D&#039;Union<\/title>\n<meta name=\"description\" content=\"Le Service \u00e0 la personne que nous proposons concerne le m\u00e9nage et repassage ainsi que la garde d&#039;enfants et s&#039;adresse \u00e0 tous.\" \/>\n<meta name=\"robots\" content=\"index, follow, max-snippet:-1, max-image-preview:large, max-video-preview:-1\" \/>\n<link rel=\"canonical\" href=\"https:\/\/www.adomtraitdunion.fr\/index.php\/service-a-la-personne\/\" \/>\n<meta property=\"og:locale\" content=\"fr_FR\" \/>\n<meta property=\"og:type\" content=\"article\" \/>\n<meta property=\"og:title\" content=\"Service \u00e0 la personne - Adom Trait D&#039;Union\" \/>\n<meta property=\"og:description\" content=\"Le Service \u00e0 la personne que nous proposons concerne le m\u00e9nage et repassage ainsi que la garde d&#039;enfants et s&#039;adresse \u00e0 tous.\" \/>\n<meta property=\"og:url\" content=\"https:\/\/www.adomtraitdunion.fr\/index.php\/service-a-la-personne\/\" \/>\n<meta property=\"og:site_name\" content=\"Adom Trait d&#039;Union - Services d&#039;aide \u00e0 domicile \u00e0 Plaisance\" \/>\n<meta property=\"article:modified_time\" content=\"2023-01-16T14:09:43+00:00\" \/>\n<meta property=\"og:image\" content=\"https:\/\/www.adomtraitdunion.fr\/wp-content\/uploads\/2016\/05\/illustr7.jpg\" \/>\n<meta name=\"twitter:card\" content=\"summary_large_image\" \/>\n<meta name=\"twitter:label1\" content=\"Dur\u00e9e de lecture estim\u00e9e\" \/>\n\t<meta name=\"twitter:data1\" content=\"3 minutes\" \/>\n<script type=\"application\/ld+json\" class=\"yoast-schema-graph\">{\"@context\":\"https:\/\/schema.org\",\"@graph\":[{\"@type\":\"WebPage\",\"@id\":\"https:\/\/www.adomtraitdunion.fr\/index.php\/service-a-la-personne\/\",\"url\":\"https:\/\/www.adomtraitdunion.fr\/index.php\/service-a-la-personne\/\",\"name\":\"Service \u00e0 la personne - Adom Trait D'Union\",\"isPartOf\":{\"@id\":\"https:\/\/www.adomtraitdunion.fr\/#website\"},\"datePublished\":\"2016-05-26T08:35:09+00:00\",\"dateModified\":\"2023-01-16T14:09:43+00:00\",\"description\":\"Le Service \u00e0 la personne que nous proposons concerne le m\u00e9nage et repassage ainsi que la garde d'enfants et s'adresse \u00e0 tous.\",\"breadcrumb\":{\"@id\":\"https:\/\/www.adomtraitdunion.fr\/index.php\/service-a-la-personne\/#breadcrumb\"},\"inLanguage\":\"fr-FR\",\"potentialAction\":[{\"@type\":\"ReadAction\",\"target\":[\"https:\/\/www.adomtraitdunion.fr\/index.php\/service-a-la-personne\/\"]}]},{\"@type\":\"BreadcrumbList\",\"@id\":\"https:\/\/www.adomtraitdunion.fr\/index.php\/service-a-la-personne\/#breadcrumb\",\"itemListElement\":[{\"@type\":\"ListItem\",\"position\":1,\"name\":\"Accueil\",\"item\":\"https:\/\/www.adomtraitdunion.fr\/\"},{\"@type\":\"ListItem\",\"position\":2,\"name\":\"Service \u00e0 la personne\"}]},{\"@type\":\"WebSite\",\"@id\":\"https:\/\/www.adomtraitdunion.fr\/#website\",\"url\":\"https:\/\/www.adomtraitdunion.fr\/\",\"name\":\"Adom Trait d&#039;Union - Services d&#039;aide \u00e0 domicile \u00e0 Plaisance\",\"description\":\"\",\"potentialAction\":[{\"@type\":\"SearchAction\",\"target\":{\"@type\":\"EntryPoint\",\"urlTemplate\":\"https:\/\/www.adomtraitdunion.fr\/?s={search_term_string}\"},\"query-input\":\"required name=search_term_string\"}],\"inLanguage\":\"fr-FR\"}]}<\/script>\n<!-- \/ Yoast SEO plugin. -->","yoast_head_json":{"title":"Service \u00e0 la personne - Adom Trait D'Union","description":"Le Service \u00e0 la personne que nous proposons concerne le m\u00e9nage et repassage ainsi que la garde d'enfants et s'adresse \u00e0 tous.","robots":{"index":"index","follow":"follow","max-snippet":"max-snippet:-1","max-image-preview":"max-image-preview:large","max-video-preview":"max-video-preview:-1"},"canonical":"https:\/\/www.adomtraitdunion.fr\/index.php\/service-a-la-personne\/","og_locale":"fr_FR","og_type":"article","og_title":"Service \u00e0 la personne - Adom Trait D'Union","og_description":"Le Service \u00e0 la personne que nous proposons concerne le m\u00e9nage et repassage ainsi que la garde d'enfants et s'adresse \u00e0 tous.","og_url":"https:\/\/www.adomtraitdunion.fr\/index.php\/service-a-la-personne\/","og_site_name":"Adom Trait d&#039;Union - Services d&#039;aide \u00e0 domicile \u00e0 Plaisance","article_modified_time":"2023-01-16T14:09:43+00:00","og_image":[{"url":"https:\/\/www.adomtraitdunion.fr\/wp-content\/uploads\/2016\/05\/illustr7.jpg"}],"twitter_card":"summary_large_image","twitter_misc":{"Dur\u00e9e de lecture estim\u00e9e":"3 minutes"},"schema":{"@context":"https:\/\/schema.org","@graph":[{"@type":"WebPage","@id":"https:\/\/www.adomtraitdunion.fr\/index.php\/service-a-la-personne\/","url":"https:\/\/www.adomtraitdunion.fr\/index.php\/service-a-la-personne\/","name":"Service \u00e0 la personne - Adom Trait D'Union","isPartOf":{"@id":"https:\/\/www.adomtraitdunion.fr\/#website"},"datePublished":"2016-05-26T08:35:09+00:00","dateModified":"2023-01-16T14:09:43+00:00","description":"Le Service \u00e0 la personne que nous proposons concerne le m\u00e9nage et repassage ainsi que la garde d'enfants et s'adresse \u00e0 tous.","breadcrumb":{"@id":"https:\/\/www.adomtraitdunion.fr\/index.php\/service-a-la-personne\/#breadcrumb"},"inLanguage":"fr-FR","potentialAction":[{"@type":"ReadAction","target":["https:\/\/www.adomtraitdunion.fr\/index.php\/service-a-la-personne\/"]}]},{"@type":"BreadcrumbList","@id":"https:\/\/www.adomtraitdunion.fr\/index.php\/service-a-la-personne\/#breadcrumb","itemListElement":[{"@type":"ListItem","position":1,"name":"Accueil","item":"https:\/\/www.adomtraitdunion.fr\/"},{"@type":"ListItem","position":2,"name":"Service \u00e0 la personne"}]},{"@type":"WebSite","@id":"https:\/\/www.adomtraitdunion.fr\/#website","url":"https:\/\/www.adomtraitdunion.fr\/","name":"Adom Trait d&#039;Union - Services d&#039;aide \u00e0 domicile \u00e0 Plaisance","description":"","potentialAction":[{"@type":"SearchAction","target":{"@type":"EntryPoint","urlTemplate":"https:\/\/www.adomtraitdunion.fr\/?s={search_term_string}"},"query-input":"required name=search_term_string"}],"inLanguage":"fr-FR"}]}},"_links":{"self":[{"href":"https:\/\/www.adomtraitdunion.fr\/index.php\/wp-json\/wp\/v2\/pages\/19"}],"collection":[{"href":"https:\/\/www.adomtraitdunion.fr\/index.php\/wp-json\/wp\/v2\/pages"}],"about":[{"href":"https:\/\/www.adomtraitdunion.fr\/index.php\/wp-json\/wp\/v2\/types\/page"}],"author":[{"embeddable":true,"href":"https:\/\/www.adomtraitdunion.fr\/index.php\/wp-json\/wp\/v2\/users\/1"}],"replies":[{"embeddable":true,"href":"https:\/\/www.adomtraitdunion.fr\/index.php\/wp-json\/wp\/v2\/comments?post=19"}],"version-history":[{"count":6,"href":"https:\/\/www.adomtraitdunion.fr\/index.php\/wp-json\/wp\/v2\/pages\/19\/revisions"}],"predecessor-version":[{"id":225,"href":"https:\/\/www.adomtraitdunion.fr\/index.php\/wp-json\/wp\/v2\/pages\/19\/revisions\/225"}],"wp:attachment":[{"href":"https:\/\/www.adomtraitdunion.fr\/index.php\/wp-json\/wp\/v2\/media?parent=19"}],"curies":[{"name":"wp","href":"https:\/\/api.w.org\/{rel}","templated":true}]}}

Service à la personne

<h2 class="bgh2">Ménage &#8211; Repassage</h2>
<p class="img-bg"><img decoding="async" class="aligncenter size-full wp-image-20" style="max-width: 250px;" src="https://www.adomtraitdunion.fr/wp-content/uploads/2016/05/illustr7.jpg" alt="" width="100%" /></p>
<p style="text-align: center;"><strong>Vous n’avez pas le temps de vous occuper de votre domicile ?</strong><br />
<strong> Vous souhaitez prendre du temps pour vous ?</strong></p>
<p>Sans être en situation de dépendance, nous avons parfois besoin d’un accompagnement pour effectuer les tâches ménagères quotidiennes : nettoyage des sols, vaisselle, poussière, repassage…</p>
<p>Le Service à la Personne d&rsquo;ADOM TRAIT D’UNION intervient à votre domicile pour vous simplifier la vie !</p>
<p>Les prestations de ménage-repassage répondent aussi à tous vos besoins ponctuels d’entretien :</p>
<ul>
<li>Ménage de printemps</li>
<li>Nettoyage de vitres (hauteur : escabeau 3 marches maximum)</li>
<li>Ménage avant/après l’arrivée d’invités pour les vacances, les fêtes ou tout autre évènement</li>
<li>Ménage avant un état des lieux ou une vente&#8230;</li>
</ul>
<h2 class="bgh2">Garde d’enfants (de – ou + de 3 ans)</h2>
<p class="img-bg"><img decoding="async" class="aligncenter size-full wp-image-21" style="max-width: 250px;" src="https://www.adomtraitdunion.fr/wp-content/uploads/2016/05/illustr6.jpg" alt="" width="100%" /></p>
<p>Confier ses enfants à une personne étrangère à la famille n&rsquo;est pas toujours une décision facile à prendre, il faut que cette personne corresponde à vos propres critères et qu&rsquo;elle plaise aux enfants.</p>
<p>Le Service à la Personne d’ADOM TRAIT D’UNION vous propose un mode de garde adaptée, quel que soit l’âge de votre enfant :</p>
<ul>
<li>surveillance, activités d’éveil ;</li>
<li>le lever, l’habiller, le faire manger, le coucher, l’occuper… suivant les besoins ;</li>
<li>l’accompagner dans ses déplacements (écoles, crèches, activités extrascolaires…) ;</li>
<li>l’aider dans ses devoirs&#8230;</li>
</ul>
<p>Les tâches que vous pouvez nous confier <strong>ne peuvent être réalisées qu’en présence de l’enfant</strong>.</p>
<p>Votre auxiliaire familiale répond à des critères de sélection stricts basés sur l’expérience et la motivation. Ainsi, pour la garde d’enfants âgés de moins de 3 ans, nos salariées sont toutes obligatoirement titulaires d’une qualification qui vous assure de leur professionnalisme.</p>
<p>Pour les transports véhiculés d’enfants entre l’école (ou la crèche par exemple) et le domicile, une indemnité kilométrique vous est facturée en complément du tarif horaire.</p>
<h3 class="vieuh4coord">Durée de l’intervention</h3>
<p>Cette prestation est assurée du lundi au samedi (à l’exclusion des jours fériés) entre 7h et 21h.</p>
<p>&nbsp;</p>
<h3 class="vieuh4coord" style="text-align: center;">Les aides financières</h3>
<p class="img-bg">Quelle que soit votre situation et quelle soit la prise en charge financière à laquelle vous pensez pouvoir prétendre, n’hésitez pas à <a href="https://www.adomtraitdunion.fr/index.php/contact" style="color:#ab0305">nous contacter</a>, nous vous fournirons toutes les informations utiles et nécessaires.</p>

<p>Ménage &#8211; Repassage Vous n’avez pas le temps de vous occuper de votre domicile ? Vous souhaitez prendre du temps pour vous ? Sans être en situation de dépendance, nous avons parfois besoin d’un accompagnement pour effectuer les tâches ménagères quotidiennes : nettoyage des sols, vaisselle, poussière, repassage… Le Service à la Personne d&rsquo;ADOM TRAIT [&hellip;]</p>

<!-- This site is optimized with the Yoast SEO plugin v21.1 - https://yoast.com/wordpress/plugins/seo/ -->
<title>Service à la personne - Adom Trait D&#039;Union</title>
<meta name="description" content="Le Service à la personne que nous proposons concerne le ménage et repassage ainsi que la garde d&#039;enfants et s&#039;adresse à tous." />
<meta name="robots" content="index, follow, max-snippet:-1, max-image-preview:large, max-video-preview:-1" />
<link rel="canonical" href="https://www.adomtraitdunion.fr/index.php/service-a-la-personne/" />
<meta property="og:locale" content="fr_FR" />
<meta property="og:type" content="article" />
<meta property="og:title" content="Service à la personne - Adom Trait D&#039;Union" />
<meta property="og:description" content="Le Service à la personne que nous proposons concerne le ménage et repassage ainsi que la garde d&#039;enfants et s&#039;adresse à tous." />
<meta property="og:url" content="https://www.adomtraitdunion.fr/index.php/service-a-la-personne/" />
<meta property="og:site_name" content="Adom Trait d&#039;Union - Services d&#039;aide à domicile à Plaisance" />
<meta property="article:modified_time" content="2023-01-16T14:09:43+00:00" />
<meta property="og:image" content="https://www.adomtraitdunion.fr/wp-content/uploads/2016/05/illustr7.jpg" />
<meta name="twitter:card" content="summary_large_image" />
<meta name="twitter:label1" content="Durée de lecture estimée" />
	<meta name="twitter:data1" content="3 minutes" />
<script type="application/ld+json" class="yoast-schema-graph">{"@context":"https://schema.org","@graph":[{"@type":"WebPage","@id":"https://www.adomtraitdunion.fr/index.php/service-a-la-personne/","url":"https://www.adomtraitdunion.fr/index.php/service-a-la-personne/","name":"Service à la personne - Adom Trait D'Union","isPartOf":{"@id":"https://www.adomtraitdunion.fr/#website"},"datePublished":"2016-05-26T08:35:09+00:00","dateModified":"2023-01-16T14:09:43+00:00","description":"Le Service à la personne que nous proposons concerne le ménage et repassage ainsi que la garde d'enfants et s'adresse à tous.","breadcrumb":{"@id":"https://www.adomtraitdunion.fr/index.php/service-a-la-personne/#breadcrumb"},"inLanguage":"fr-FR","potentialAction":[{"@type":"ReadAction","target":["https://www.adomtraitdunion.fr/index.php/service-a-la-personne/"]}]},{"@type":"BreadcrumbList","@id":"https://www.adomtraitdunion.fr/index.php/service-a-la-personne/#breadcrumb","itemListElement":[{"@type":"ListItem","position":1,"name":"Accueil","item":"https://www.adomtraitdunion.fr/"},{"@type":"ListItem","position":2,"name":"Service à la personne"}]},{"@type":"WebSite","@id":"https://www.adomtraitdunion.fr/#website","url":"https://www.adomtraitdunion.fr/","name":"Adom Trait d&#039;Union - Services d&#039;aide à domicile à Plaisance","description":"","potentialAction":[{"@type":"SearchAction","target":{"@type":"EntryPoint","urlTemplate":"https://www.adomtraitdunion.fr/?s={search_term_string}"},"query-input":"required name=search_term_string"}],"inLanguage":"fr-FR"}]}</script>
<!-- / Yoast SEO plugin. -->

Service à la personne - Adom Trait D'Union

Le Service à la personne que nous proposons concerne le ménage et repassage ainsi que la garde d'enfants et s'adresse à tous.

Adom Trait d&#039;Union - Services d&#039;aide à domicile à Plaisance
