{"id":15,"date":"2016-05-26T10:27:02","date_gmt":"2016-05-26T08:27:02","guid":{"rendered":"http:\/\/adomtraitdunion.fr\/?page_id=15"},"modified":"2023-01-16T15:05:53","modified_gmt":"2023-01-16T14:05:53","slug":"portage-de-repas","status":"publish","type":"page","link":"https:\/\/www.adomtraitdunion.fr\/index.php\/portage-de-repas\/","title":{"rendered":"Portage de Repas"},"content":{"rendered":"<p class=\"img-bg\"><img decoding=\"async\" src=\"https:\/\/www.adomtraitdunion.fr\/wp-content\/uploads\/2016\/05\/Adom-portage.png\" alt=\"\" width=\"100%\" class=\"alignnone size-full wp-image-16\" style=\"max-width: 300px;\" \/><\/p>\n<h2 class=\"bgh2\">Pr\u00e9server le plaisir de manger<\/h2>\n<p>Un apport alimentaire \u00e9quilibr\u00e9 est n\u00e9cessaire quotidiennement \u00e0 chacun d\u2019entre nous, qui plus est lorsque l\u2019on est en situation de fragilit\u00e9.<\/p>\n<p>Le <strong>service de portage de repas \u00e0 domicile<\/strong> propos\u00e9 par ADOM TRAIT D\u2019UNION c\u2019est l\u2019assurance d\u2019une alimentation saine, vari\u00e9e et adapt\u00e9e aux besoins nutritionnels de la personne.<\/p>\n<p>Gr\u00e2ce \u00e0 la livraison de vos repas, votre maintien \u00e0 domicile est facilit\u00e9.<\/p>\n<h2 class=\"bgh2\">Comment ?<\/h2>\n<p><strong>Sur simple appel, dans un d\u00e9lai de 48h, le service de portage est mis en place.<\/strong><br \/>\nNous vous livrons \u00e0 domicile, entre 7h30 et 12h30, tous les jours ou selon votre choix, sur les cantons d\u2019Aignan, Marciac et Plaisance.<br \/>\nLes plats, livr\u00e9s froids et en barquettes micro-ondables, se conservent <strong>au frais jusqu&rsquo;\u00e0 3-5 jours<\/strong> apr\u00e8s la livraison.<br \/>\nLes menus se composent d&rsquo;un potage, d&rsquo;une entr\u00e9e, d&rsquo;un plat de r\u00e9sistance avec accompagnement, d&rsquo;un fromage et d&rsquo;un dessert.<\/p>\n<p>Si vous le souhaitez, vous pouvez commander un repas suppl\u00e9mentaire pour un ami ou un proche qui vous rend visite.<\/p>\n<h2 class=\"bgh2\">Bien plus qu\u2019un repas\u2026<\/h2>\n<p>Le service de Portage de repas a \u00e9galement un <strong>r\u00f4le de veille sociale et d\u2019alerte<\/strong> en cas de situation particuli\u00e8re.<br \/>\nNotre livreur \u00e9tablira une <strong>relation de confiance<\/strong> et sera vigilant quant \u00e0 votre bien-\u00eatre.<\/p>\n<p>C\u2019est une <strong>s\u00e9curit\u00e9<\/strong> pour vous et votre famille.<\/p>\n<h3 class=\"vieuh4coord\">Nos points de confiance<\/h3>\n<ul>\n<li>un prix clair, la remise d\u2019un devis pour toute intervention r\u00e9currente ou sur simple demande.<\/li>\n<li>une facturation mensuelle.<\/li>\n<li>la s\u00e9curit\u00e9 de la prestation : aucun frais de gestion ni d&rsquo;adh\u00e9sion, une livraison assur\u00e9e par les salari\u00e9s de notre association.<\/li>\n<li>la possibilit\u00e9 d&rsquo;arr\u00eater la livraison sous un d\u00e9lai de 48h.<\/li>\n<\/ul>\n","protected":false},"excerpt":{"rendered":"<p>Pr\u00e9server le plaisir de manger Un apport alimentaire \u00e9quilibr\u00e9 est n\u00e9cessaire quotidiennement \u00e0 chacun d\u2019entre nous, qui plus est lorsque l\u2019on est en situation de fragilit\u00e9. Le service de portage de repas \u00e0 domicile propos\u00e9 par ADOM TRAIT D\u2019UNION c\u2019est l\u2019assurance d\u2019une alimentation saine, vari\u00e9e et adapt\u00e9e aux besoins nutritionnels de la personne. Gr\u00e2ce \u00e0 [&hellip;]<\/p>\n","protected":false},"author":1,"featured_media":0,"parent":0,"menu_order":0,"comment_status":"closed","ping_status":"closed","template":"portage.php","meta":{"_monsterinsights_skip_tracking":false,"_monsterinsights_sitenote_active":false,"_monsterinsights_sitenote_note":"","_monsterinsights_sitenote_category":0},"yoast_head":"<!-- This site is optimized with the Yoast SEO plugin v21.1 - https:\/\/yoast.com\/wordpress\/plugins\/seo\/ -->\n<title>Portage de Repas - Adom Trait D&#039;Union<\/title>\n<meta name=\"description\" content=\"Le service de portage de repas \u00e0 domicile c\u2019est l\u2019assurance d\u2019une alimentation saine, vari\u00e9e et adapt\u00e9e, ce qui facilite le maintien \u00e0 domicile.\" \/>\n<meta name=\"robots\" content=\"index, follow, max-snippet:-1, max-image-preview:large, max-video-preview:-1\" \/>\n<link rel=\"canonical\" href=\"https:\/\/www.adomtraitdunion.fr\/index.php\/portage-de-repas\/\" \/>\n<meta property=\"og:locale\" content=\"fr_FR\" \/>\n<meta property=\"og:type\" content=\"article\" \/>\n<meta property=\"og:title\" content=\"Portage de Repas - Adom Trait D&#039;Union\" \/>\n<meta property=\"og:description\" content=\"Le service de portage de repas \u00e0 domicile c\u2019est l\u2019assurance d\u2019une alimentation saine, vari\u00e9e et adapt\u00e9e, ce qui facilite le maintien \u00e0 domicile.\" \/>\n<meta property=\"og:url\" content=\"https:\/\/www.adomtraitdunion.fr\/index.php\/portage-de-repas\/\" \/>\n<meta property=\"og:site_name\" content=\"Adom Trait d&#039;Union - Services d&#039;aide \u00e0 domicile \u00e0 Plaisance\" \/>\n<meta property=\"article:modified_time\" content=\"2023-01-16T14:05:53+00:00\" \/>\n<meta property=\"og:image\" content=\"https:\/\/www.adomtraitdunion.fr\/wp-content\/uploads\/2016\/05\/Adom-portage.png\" \/>\n<meta name=\"twitter:card\" content=\"summary_large_image\" \/>\n<meta name=\"twitter:label1\" content=\"Dur\u00e9e de lecture estim\u00e9e\" \/>\n\t<meta name=\"twitter:data1\" content=\"2 minutes\" \/>\n<script type=\"application\/ld+json\" class=\"yoast-schema-graph\">{\"@context\":\"https:\/\/schema.org\",\"@graph\":[{\"@type\":\"WebPage\",\"@id\":\"https:\/\/www.adomtraitdunion.fr\/index.php\/portage-de-repas\/\",\"url\":\"https:\/\/www.adomtraitdunion.fr\/index.php\/portage-de-repas\/\",\"name\":\"Portage de Repas - Adom Trait D'Union\",\"isPartOf\":{\"@id\":\"https:\/\/www.adomtraitdunion.fr\/#website\"},\"datePublished\":\"2016-05-26T08:27:02+00:00\",\"dateModified\":\"2023-01-16T14:05:53+00:00\",\"description\":\"Le service de portage de repas \u00e0 domicile c\u2019est l\u2019assurance d\u2019une alimentation saine, vari\u00e9e et adapt\u00e9e, ce qui facilite le maintien \u00e0 domicile.\",\"breadcrumb\":{\"@id\":\"https:\/\/www.adomtraitdunion.fr\/index.php\/portage-de-repas\/#breadcrumb\"},\"inLanguage\":\"fr-FR\",\"potentialAction\":[{\"@type\":\"ReadAction\",\"target\":[\"https:\/\/www.adomtraitdunion.fr\/index.php\/portage-de-repas\/\"]}]},{\"@type\":\"BreadcrumbList\",\"@id\":\"https:\/\/www.adomtraitdunion.fr\/index.php\/portage-de-repas\/#breadcrumb\",\"itemListElement\":[{\"@type\":\"ListItem\",\"position\":1,\"name\":\"Accueil\",\"item\":\"https:\/\/www.adomtraitdunion.fr\/\"},{\"@type\":\"ListItem\",\"position\":2,\"name\":\"Portage de Repas\"}]},{\"@type\":\"WebSite\",\"@id\":\"https:\/\/www.adomtraitdunion.fr\/#website\",\"url\":\"https:\/\/www.adomtraitdunion.fr\/\",\"name\":\"Adom Trait d&#039;Union - Services d&#039;aide \u00e0 domicile \u00e0 Plaisance\",\"description\":\"\",\"potentialAction\":[{\"@type\":\"SearchAction\",\"target\":{\"@type\":\"EntryPoint\",\"urlTemplate\":\"https:\/\/www.adomtraitdunion.fr\/?s={search_term_string}\"},\"query-input\":\"required name=search_term_string\"}],\"inLanguage\":\"fr-FR\"}]}<\/script>\n<!-- \/ Yoast SEO plugin. -->","yoast_head_json":{"title":"Portage de Repas - Adom Trait D'Union","description":"Le service de portage de repas \u00e0 domicile c\u2019est l\u2019assurance d\u2019une alimentation saine, vari\u00e9e et adapt\u00e9e, ce qui facilite le maintien \u00e0 domicile.","robots":{"index":"index","follow":"follow","max-snippet":"max-snippet:-1","max-image-preview":"max-image-preview:large","max-video-preview":"max-video-preview:-1"},"canonical":"https:\/\/www.adomtraitdunion.fr\/index.php\/portage-de-repas\/","og_locale":"fr_FR","og_type":"article","og_title":"Portage de Repas - Adom Trait D'Union","og_description":"Le service de portage de repas \u00e0 domicile c\u2019est l\u2019assurance d\u2019une alimentation saine, vari\u00e9e et adapt\u00e9e, ce qui facilite le maintien \u00e0 domicile.","og_url":"https:\/\/www.adomtraitdunion.fr\/index.php\/portage-de-repas\/","og_site_name":"Adom Trait d&#039;Union - Services d&#039;aide \u00e0 domicile \u00e0 Plaisance","article_modified_time":"2023-01-16T14:05:53+00:00","og_image":[{"url":"https:\/\/www.adomtraitdunion.fr\/wp-content\/uploads\/2016\/05\/Adom-portage.png"}],"twitter_card":"summary_large_image","twitter_misc":{"Dur\u00e9e de lecture estim\u00e9e":"2 minutes"},"schema":{"@context":"https:\/\/schema.org","@graph":[{"@type":"WebPage","@id":"https:\/\/www.adomtraitdunion.fr\/index.php\/portage-de-repas\/","url":"https:\/\/www.adomtraitdunion.fr\/index.php\/portage-de-repas\/","name":"Portage de Repas - Adom Trait D'Union","isPartOf":{"@id":"https:\/\/www.adomtraitdunion.fr\/#website"},"datePublished":"2016-05-26T08:27:02+00:00","dateModified":"2023-01-16T14:05:53+00:00","description":"Le service de portage de repas \u00e0 domicile c\u2019est l\u2019assurance d\u2019une alimentation saine, vari\u00e9e et adapt\u00e9e, ce qui facilite le maintien \u00e0 domicile.","breadcrumb":{"@id":"https:\/\/www.adomtraitdunion.fr\/index.php\/portage-de-repas\/#breadcrumb"},"inLanguage":"fr-FR","potentialAction":[{"@type":"ReadAction","target":["https:\/\/www.adomtraitdunion.fr\/index.php\/portage-de-repas\/"]}]},{"@type":"BreadcrumbList","@id":"https:\/\/www.adomtraitdunion.fr\/index.php\/portage-de-repas\/#breadcrumb","itemListElement":[{"@type":"ListItem","position":1,"name":"Accueil","item":"https:\/\/www.adomtraitdunion.fr\/"},{"@type":"ListItem","position":2,"name":"Portage de Repas"}]},{"@type":"WebSite","@id":"https:\/\/www.adomtraitdunion.fr\/#website","url":"https:\/\/www.adomtraitdunion.fr\/","name":"Adom Trait d&#039;Union - Services d&#039;aide \u00e0 domicile \u00e0 Plaisance","description":"","potentialAction":[{"@type":"SearchAction","target":{"@type":"EntryPoint","urlTemplate":"https:\/\/www.adomtraitdunion.fr\/?s={search_term_string}"},"query-input":"required name=search_term_string"}],"inLanguage":"fr-FR"}]}},"_links":{"self":[{"href":"https:\/\/www.adomtraitdunion.fr\/index.php\/wp-json\/wp\/v2\/pages\/15"}],"collection":[{"href":"https:\/\/www.adomtraitdunion.fr\/index.php\/wp-json\/wp\/v2\/pages"}],"about":[{"href":"https:\/\/www.adomtraitdunion.fr\/index.php\/wp-json\/wp\/v2\/types\/page"}],"author":[{"embeddable":true,"href":"https:\/\/www.adomtraitdunion.fr\/index.php\/wp-json\/wp\/v2\/users\/1"}],"replies":[{"embeddable":true,"href":"https:\/\/www.adomtraitdunion.fr\/index.php\/wp-json\/wp\/v2\/comments?post=15"}],"version-history":[{"count":5,"href":"https:\/\/www.adomtraitdunion.fr\/index.php\/wp-json\/wp\/v2\/pages\/15\/revisions"}],"predecessor-version":[{"id":224,"href":"https:\/\/www.adomtraitdunion.fr\/index.php\/wp-json\/wp\/v2\/pages\/15\/revisions\/224"}],"wp:attachment":[{"href":"https:\/\/www.adomtraitdunion.fr\/index.php\/wp-json\/wp\/v2\/media?parent=15"}],"curies":[{"name":"wp","href":"https:\/\/api.w.org\/{rel}","templated":true}]}}